number?
False
Is 921 a prime number?
False
Is 182383 a composite number?
True
Is 71053 prime?
False
Is 13849 a composite number?
True
Is 1477027 a composite number?
False
Is 30677 composite?
False
Is 82163 a prime number?
True
Is 471299 composite?
False
Is 168193 composite?
False
Is 58931 a prime number?
False
Is 8501 composite?
False
Is 14387 composite?
False
Is 923834 a composite number?
True
Is 206623 a composite number?
False
Is 4751 composite?
False
Is 205793 prime?
False
Is 62 a composite number?
True
Is 12751 prime?
False
Is 13571 composite?
True
Is 1217885 prime?
False
Is 27349 a prime number?
False
Is 336893 prime?
False
Is 12437 composite?
False
Is 534511 a prime number?
True
Is 9661 composite?
False
Is 191017 a composite number?
True
Is 23774 a prime number?
False
Is 86033 a prime number?
False
Is 1361 a composite number?
False
Is 34319 a prime number?
True
Is 36101 prime?
False
Is 4727 prime?
False
Is 1460455 a composite number?
True
Is 1009 prime?
True
Is 243353 prime?
False
Is 14914 prime?
False
Is 10193 a prime number?
True
Is 6997 composite?
False
Is 118267 prime?
False
Is 497633 prime?
True
Is 6143 a composite number?
False
Is 7781 prime?
False
Is 8581 a prime number?
True
Is 19121 composite?
False
Is 1889 prime?
True
Is 801733 prime?
True
Is 401539 prime?
True
Is 17657 a prime number?
True
Is 493891 composite?
True
Is 6145 composite?
True
Is 1230091 a composite number?
True
Is 2521 composite?
False
Is 27143 a prime number?
True
Is 284047 a composite number?
True
Is 478165 a prime number?
False
Is 505277 a prime number?
True
Is 2927 a composite number?
False
Is 669147 prime?
False
Is 53147 composite?
False
Is 96601 a composite number?
False
Is 22333 prime?
False
Is 23701 prime?
False
Is 80903 a composite number?
True
Is 12459 composite?
True
Is 27355 a composite number?
True
Is 8441 prime?
False
Is 4571 a prime number?
False
Is 18353 a composite number?
False
Is 53353 prime?
True
Is 136303 a prime number?
True
Is 14047 a prime number?
False
Is 283749 prime?
False
Is 40189 a composite number?
False
Is 152231 a prime number?
True
Is 613549 a composite number?
False
Is 8807 composite?
False
Is 1105277 prime?
False
Is 22766 a composite number?
True
Is 6779 a composite number?
False
Is 860971 prime?
True
Is 198158 a prime number?
False
Is 1540141 a prime number?
True
Is 12997 prime?
False
Is 703 a prime number?
False
Is 17817 a prime number?
False
Is 16301 a composite number?
False
Is 316271 a prime number?
True
Is 5666 composite?
True
Is 5501 a composite number?
False
Is 34807 prime?
True
Is 121913 a prime number?
False
Is 1977 a prime number?
False
Is 949567 a prime number?
True
Is 141755 a prime number?
False
Is 58819 composite?
True
Is 34231 composite?
False
Is 15877 prime?
True
Is 443 composite?
False
Is 35023 prime?
True
Is 1136897 composite?
False
Is 267095 a composite number?
True
Is 31561 prime?
False
Is 22809 a prime number?
False
Is 368021 a composite number?
False
Is 16573 composite?
False
Is 235483 composite?
False
Is 162937 composite?
False
Is 94681 prime?
False
Is 5171 a prime number?
True
Is 17153 a composite number?
True
Is 521923 prime?
True
Is 539013 composite?
True
Is 134269 a composite number?
False
Is 601703 prime?
False
Is 7561 a prime number?
True
Is 391 prime?
False
Is 31817 composite?
False
Is 12319 a composite number?
True
Is 103217 prime?
True
Is 17583 a prime number?
False
Is 3691861 composite?
True
Is 16322 composite?
True
Is 787 a prime number?
True
Is 6866 a composite number?
True
Is 41467 a prime number?
True
Is 105491 a composite number?
False
Is 3309791 prime?
False
Is 18479 a composite number?
True
Is 81331 a prime number?
True
Is 15787 a prime number?
True
Is 331207 composite?
False
Is 21737 a composite number?
False
Is 15727 a prime number?
True
Is 23971 a prime number?
True
Is 17279 a composite number?
True
Is 49909 prime?
False
Is 18547 composite?
True
Is 108957 a prime number?
False
Is 7123 a prime number?
False
Is 1592273 a composite number?
False
Is 14099 a composite number?
True
Is 197737 a prime number?
False
Is 7717 prime?
True
Is 76073 a prime number?
False
Is 4513 a composite number?
False
Is 1151 a composite number?
False
Is 962971 composite?
False
Is 150158 prime?
False
Is 137141 composite?
True
Is 476369 composite?
False
Is 24159 composite?
True
Is 1501 composite?
True
Is 55799 a composite number?
False
Is 1552693 a prime number?
True
Is 25589 composite?
False
Is 3100043 a prime number?
True
Is 61077 prime?
False
Is 5223 prime?
False
Is 870985 a prime number?
False
Is 21929 composite?
False
Is 736357 composite?
False
Is 191 composite?
False
Is 5091 a composite number?
True
Is 62587 prime?
False
Is 174847 composite?
True
Is 21057 a prime number?
False
Is 1075409 prime?
True
Is 6502 prime?
False
Is 115603 prime?
True
Is 8779 a prime number?
True
Is 85477 a prime number?
False
Is 169307 prime?
True
Is 862471 a composite number?
False
Is 321679 prime?
True
Is 131491 prime?
False
Is 65815 composite?
True
Is 253478 a prime number?
False
Is 192802 prime?
False
Is 3401467 a prime number?
True
Is 31883 a composite number?
False
Is 345413 composite?
False
Is 268091 a prime number?
True
Is 161047 prime?
True
Is 81131 composite?
False
Is 11246 a composite number?
True
Is 1177 composite?
True
Is 32729 prime?
False
Is 1011331 a composite number?
False
Is 2923 a prime number?
False
Is 25691 a composite number?
True
Is 64399 a composite number?
False
Is 8133 a composite number?
True
Is 421607 prime?
True
Is 1769 composite?
True
Is 5077 composite?
False
Is 10301 prime?
True
Is 39149 a prime number?
False
Is 6449 composite?
False
Is 1892389 a prime number?
False
Is 249797 prime?
True
Is 70501 prime?
True
Is 9277 a composite number?
False
Is 1259 prime?
True
Is 267037 a prime number?
True
Is 102059 a composite number?
False
Is 370621 a prime number?
False
Is 278261 a prime number?
True
Is 258029 prime?
False
Is 84263 composite?
False
Is 1563321 prime?
False
Is 14951 a prime number?
True
Is 32369 prime?
True
Is 16255 a composite number?
True
Is 13537 prime?
True
Is 32179 a composite number?
True
Is 296861 a prime number?
False
Is 299 prime?
False
Is 351445 composite?
True
Is 474533 a composite number?
False
Is 10883 composite?
False
Is 436217 a composite number?
False
Is 39521 composite?
False
Is 9863 prime?
False
Is 49127 composite?
True
Is 17443 a composite number?
False
Is 1679 a composite number?
True
Is 39085 prime?
False
Is 229343 composite?
False
Is 43649 composite?
False
Is 3595 prime?
False
Is 258557 a prime number?
False
Is 1682801 a prime number?
True
Is 7067 a prime number?
False
Is 5447 a prime number?
False
Is 7261 prime?
False
Is 58 prime?
False
Is 351755 composite?
True
Is 56801 composite?
True
Is 1195 prime?
False
Is 667 composite?
True
Is 1363 a prime number?
False
Is 8939 prime?
False
Is 253751 prime?
True
Is 14507 a composite number?
True
Is 10487 a composite number?
False
Is 3299 composite?
False
Is 5897 composite?
False
Is 23531 a prime number?
True
Is 7183 composite?
True
Is 191413 prime?
True
Is 111455 composite?
True
Is 79069 prime?
False
Is 6067 composite?
False
Is 33889 a composite number?
False
Is 144389 a prime number?
False
Is 135299 a prime number?
False
Is 24943 prime?
True
Is 125981 composite?
True
Is 56039 composite?
False
Is 28445 composite?
True
Is 93169 a composite number?
False
Is 50035 a composite number?
True
Is 226511 a composite number?
False
Is 11281 a prime number?
False
Is 205 a composite number?
True
Is 493 composite?
True
Is 16759 prime?
True
Is 56229 a prime number?
False
Is 351643 composite?
False
Is 22343 prime?
True
Is 515667 prime?
False
Is 3671 prime?
True
Is 75497 composite?
True
Is 49103 a prime number?
True
Is 2053 composite?
False
Is 160241 composite?
True
Is 90353 prime?
True
Is 8563 prime?
True
Is 603749 a prime number?
True
Is 318863 prime?
True
Is 545591 a prime number?
False
Is 1709 prime?
True
Is 14239 a prime number?
False
Is 1637 a prime number?
True
Is 106094 composite?
True
Is 903751 prime?
True
Is 410923 a prime number?
False
Is 3433 a prime number?
True
Is 85423 prime?
False
Is 159833 a prime number?
True
Is 1657 prime?
True
Is 25439 composite?
False
Is 108343 prime?
True
Is 216941 composite?
True
Is 61307 a prime number?
False
